99587 a prime number?
True
Is 68485951 a prime number?
True
Is 10544817 a prime number?
False
Is 69576149 composite?
False
Is 366512957 composite?
False
Is 3870803 a prime number?
True
Is 56218847 composite?
True
Is 30029887 a composite number?
False
Is 550365287 prime?
True
Is 36226721 prime?
False
Is 10793041 composite?
True
Is 1320247 a composite number?
False
Is 52266247 a prime number?
False
Is 96789317 composite?
False
Is 65486527 prime?
True
Is 54449617 a composite number?
True
Is 338736873 a prime number?
False
Is 181696649 composite?
False
Is 30442249 a composite number?
True
Is 7891141 a prime number?
True
Is 14612861 composite?
False
Is 4378553 composite?
False
Is 12677939 composite?
True
Is 31569479 a composite number?
False
Is 6959957 a composite number?
False
Is 184645499 a prime number?
True
Is 419041 a composite number?
True
Is 1149131 a composite number?
False
Is 2626271 a composite number?
True
Is 265861207 a composite number?
False
Is 73631 prime?
False
Is 4107469 prime?
False
Is 112564961 a composite number?
True
Is 723761 prime?
True
Is 2351099 composite?
False
Is 304103053 a composite number?
False
Is 1518910105 composite?
True
Is 363975863 composite?
False
Is 61034819 a composite number?
False
Is 14958002 prime?
False
Is 77435947 a composite number?
False
Is 139471835 a composite number?
True
Is 888703 a composite number?
True
Is 85824229 a composite number?
False
Is 98261 a prime number?
False
Is 4492595 prime?
False
Is 8728883 a prime number?
True
Is 9406523 a prime number?
False
Is 5149187 a composite number?
False
Is 361523 composite?
False
Is 226907 a prime number?
True
Is 6577469 prime?
True
Is 7168061 a composite number?
True
Is 23668211 composite?
True
Is 3020579 prime?
True
Is 708419089 composite?
True
Is 831707 prime?
True
Is 24035579 a prime number?
True
Is 28887151 prime?
True
Is 264259003 a composite number?
True
Is 20062411 a prime number?
True
Is 6497063 a composite number?
True
Is 9400741 a composite number?
True
Is 43896761 a prime number?
True
Is 298353046 prime?
False
Is 32426573 a prime number?
False
Is 16022101 a prime number?
False
Is 129158279 prime?
True
Is 8441497 composite?
False
Is 92454463 prime?
True
Is 3315439 prime?
True
Is 45693539 a prime number?
True
Is 367769387 a composite number?
True
Is 112218157 a prime number?
False
Is 3533011 a prime number?
False
Is 1308859 composite?
True
Is 21046001 prime?
True
Is 338423 a composite number?
False
Is 25979857 a composite number?
True
Is 2157235 a composite number?
True
Is 10599431 a prime number?
True
Is 3628589 a composite number?
True
Is 76658489 a composite number?
True
Is 146728757 prime?
False
Is 11240629 a composite number?
True
Is 881059337 a composite number?
False
Is 6553817 a prime number?
True
Is 117399 a composite number?
True
Is 1887607 composite?
False
Is 314956921 prime?
True
Is 3372793 a composite number?
True
Is 22779542 a prime number?
False
Is 109067237 composite?
True
Is 26087717 prime?
True
Is 107181299 a prime number?
False
Is 901533 a composite number?
True
Is 3180823 a composite number?
False
Is 2093783 composite?
False
Is 9615401 prime?
False
Is 468801629 composite?
False
Is 141396223 a prime number?
True
Is 461571091 composite?
True
Is 9991043 a prime number?
False
Is 3575291 composite?
False
Is 80051321 prime?
False
Is 4322611 composite?
True
Is 3618907 a prime number?
True
Is 33509747 a composite number?
True
Is 2819407 composite?
False
Is 88565951 composite?
False
Is 82072007 a prime number?
True
Is 1222313 prime?
False
Is 9925091 composite?
True
Is 3022751 a prime number?
True
Is 141315337 a composite number?
False
Is 3264557 prime?
False
Is 19137431 a prime number?
True
Is 16430387 composite?
True
Is 400535 a prime number?
False
Is 466233853 a prime number?
True
Is 42686191 a composite number?
False
Is 18597661 prime?
True
Is 842443 composite?
True
Is 216941 prime?
False
Is 4402663 a composite number?
False
Is 6033397 a composite number?
False
Is 15522737 a composite number?
True
Is 368110349 a composite number?
True
Is 156143 a prime number?
False
Is 39038323 prime?
False
Is 79589 a prime number?
True
Is 796191791 prime?
True
Is 385702661 prime?
True
Is 41398171 a composite number?
True
Is 637631 composite?
True
Is 3668699 a prime number?
True
Is 22367251 a prime number?
True
Is 22283881 prime?
True
Is 8623943 composite?
True
Is 17051233 composite?
True
Is 471871 a prime number?
True
Is 37421819 a prime number?
True
Is 2687327 a prime number?
False
Is 757879 a composite number?
False
Is 11916449 a prime number?
True
Is 1826239 prime?
True
Is 498307 a composite number?
True
Is 279023515 prime?
False
Is 62496043 prime?
True
Is 751871479 composite?
True
Is 176921629 a prime number?
True
Is 9709891 a composite number?
False
Is 202734811 composite?
True
Is 120253319 a composite number?
False
Is 6001991 a prime number?
True
Is 2858893 prime?
True
Is 180574543 a prime number?
True
Is 431447453 a prime number?
True
Is 2505385 a composite number?
True
Is 777221 a composite number?
False
Is 5826127 composite?
False
Is 45182543 prime?
False
Is 297856159 composite?
False
Is 11436647 a composite number?
False
Is 18593339 composite?
False
Is 71793109 a composite number?
True
Is 641601643 a composite number?
False
Is 23692271 a prime number?
False
Is 75218477 a prime number?
False
Is 22256879 prime?
True
Is 75546371 composite?
False
Is 117114277 a composite number?
True
Is 222761521 prime?
False
Is 25424593 a prime number?
True
Is 52373 a composite number?
True
Is 54039009 composite?
True
Is 13439039 a composite number?
True
Is 24489037 composite?
True
Is 13136737 a composite number?
False
Is 31993229 a composite number?
True
Is 518232317 a composite number?
False
Is 815095 a composite number?
True
Is 81083153 a composite number?
False
Is 131616571 composite?
False
Is 4855867 composite?
False
Is 159977 a composite number?
False
Is 788153 composite?
False
Is 10565713 a composite number?
True
Is 5210563 prime?
True
Is 51086837 a composite number?
False
Is 57355601 a composite number?
False
Is 99397891 composite?
False
Is 573451 a prime number?
True
Is 16068622 a composite number?
True
Is 2230021 prime?
True
Is 114244943 a composite number?
False
Is 40156267 composite?
True
Is 499713041 prime?
True
Is 41855551 composite?
False
Is 42869201 prime?
True
Is 18492823 a composite number?
True
Is 5960345 a composite number?
True
Is 423915146 a prime number?
False
Is 1722401 composite?
True
Is 312229277 composite?
False
Is 35845793 prime?
False
Is 1090555 a composite number?
True
Is 6071047 composite?
False
Is 15884657 a prime number?
False
Is 34256977 a composite number?
False
Is 2767727 a composite number?
True
Is 95610089 prime?
True
Is 45886891 prime?
False
Is 32954941 a prime number?
False
Is 153218623 composite?
False
Is 3077301 prime?
False
Is 252401 composite?
False
Is 177664961 a composite number?
False
Is 1165613651 composite?
True
Is 20494798 prime?
False
Is 14272473 prime?
False
Is 28135847 a composite number?
False
Is 404671819 a composite number?
False
Is 26556061 prime?
False
Is 7296973 prime?
True
Is 1199851 prime?
True
Is 424488461 a composite number?
False
Is 48753197 a prime number?
True
Is 8008069 a composite number?
True
Is 455199 composite?
True
Is 3836663 prime?
True
Is 403325387 composite?
True
Is 2133533 a prime number?
True
Is 6361793 composite?
True
Is 13560683 a composite number?
False
Is 4208237 prime?
False
Is 220990442 a prime number?
False
Is 37744757 a prime number?
False
Is 498923 a composite number?
False
Is 380909 prime?
True
Is 67535999 composite?
False
Is 19063763 composite?
False
Is 1358465 a composite number?
True
Is 31240501 prime?
False
Is 493567 a composite number?
False
Is 43715027 a composite number?
False
Is 507742867 a composite number?
True
Is 193757341 composite?
True
Is 4067923 prime?
False
Is 19185379 a composite number?
False
Is 10003639 a prime number?
True
Is 605309 a prime number?
True
Is 172414871 a composite number?
True
Is 1302563 a prime number?
True
Is 14235167 prime?
False
Is 3547721 composite?
False
Is 289229 composite?
True
Is 44393653 prime?
False
Is 28379381 prime?
True
Is 4253747 composite?
False
Is 161852783 composite?
False
Is 450707 a prime number?
True
Is 6374831 pr